n base 14, what is -6 - 71681?
-71687
In base 9, what is -1 + -102544?
-102545
In base 4, what is -10133 - 230202?
-301001
In base 5, what is 3 + 20222402?
20222410
In base 9, what is 25144 + -133?
25011
In base 5, what is 3124030 - -4?
3124034
In base 5, what is -1101 - -10?
-1041
In base 14, what is b64 + -2?
b62
In base 7, what is -312 - -1103?
461
In base 15, what is -17d - -7c2?
644
In base 8, what is -15 + -34545?
-34562
In base 14, what is -b - -756?
749
In base 14, what is -474 + c?
-466
In base 4, what is -10 + -3201200?
-3201210
In base 14, what is 18b + -69?
122
In base 2, what is 11010100100011100 + 10?
11010100100011110
In base 7, what is 165 + -1245?
-1050
In base 16, what is -2fd + -37?
-334
In base 5, what is 3 - 42332121?
-42332113
In base 3, what is -100101 - 21222?
-122100
In base 12, what is -4740aa - -5?
-4740a5
In base 13, what is -183a11 - 4?
-183a15
In base 2, what is -101 + 111011000101100?
111011000100111
In base 3, what is -10 + -201221002?
-201221012
In base 4, what is -102131 + -113?
-102310
In base 4, what is -1121 + -321210?
-322331
In base 6, what is 124433321 + -5?
124433312
In base 8, what is -211436 + 4?
-211432
In base 10, what is 44183 + 4?
44187
In base 12, what is -6788 - -6?
-6782
In base 15, what is 16 - -212?
228
In base 10, what is -1 + -1267?
-1268
In base 6, what is 2 + 43002?
43004
In base 10, what is 32 - -369?
401
In base 15, what is 8ca + -14b?
77e
In base 3, what is -10101001 - 1102222?
-11211000
In base 11, what is -2 - 126151?
-126153
In base 9, what is 8 + 30403?
30412
In base 9, what is -3 - -4074?
4071
In base 15, what is 2 - b3b?
-b39
In base 12, what is -3a57 - 9?
-3a64
In base 3, what is 1210201 - -12101?
2000002
In base 6, what is -2 + -14155245?
-14155251
In base 10, what is 7910 - 24?
7886
In base 14, what is 1 - -173ac?
173ad
In base 6, what is -14513124 + 1?
-14513123
In base 3, what is -121211221100 + -10?
-121211221110
In base 6, what is 213131 + -10?
213121
In base 13, what is 22a + -47?
1b3
In base 2, what is 100 - -10001110011010?
10001110011110
In base 5, what is -422020 - 11?
-422031
In base 13, what is -bc7 + 42?
-b85
In base 11, what is 37 + -52391?
-52355
In base 5, what is 103 + -100232?
-100124
In base 3, what is -20 - 121212011?
-121212101
In base 12, what is 15494 - 9?
15487
In base 12, what is -5b80 + 434?
-5748
In base 16, what is 481 - 2b?
456
In base 10, what is -121 - -3567?
3446
In base 11, what is 33375 - -1a?
33394
In base 9, what is 1475 + 21?
1506
In base 15, what is b691 + -19?
b677
In base 2, what is 1011110110001101 + -10?
1011110110001011
In base 6, what is 140 + -15052?
-14512
In base 4, what is -11 + -102132132?
-102132203
In base 6, what is 3 + -13412?
-13405
In base 14, what is 59b06 - -2?
59b08
In base 12, what is -2 - 40019?
-4001b
In base 15, what is -170 - 1b0?
-330
In base 10, what is 41168 - -12?
41180
In base 6, what is -423035 + 15?
-423020
In base 8, what is -230 + 22360?
22130
In base 16, what is 34f - -306?
655
In base 5, what is -11 - 24121?
-24132
In base 6, what is 5 - -43422325?
43422334
In base 14, what is -2641 - -7?
-2638
In base 2, what is 10001111011010 + -1?
10001111011001
In base 14, what is d96 + -1dd?
b97
In base 7, what is -1340 - -6?
-1331
In base 15, what is -46343 - -5?
-4633d
In base 4, what is -30331 + 3132?
-21133
In base 14, what is -a37a7 + -5?
-a37ac
In base 7, what is 1526 - -264?
2123
In base 9, what is -235 + -14?
-250
In base 11, what is 17 - -432?
449
In base 4, what is 31 - 1021211?
-1021120
In base 12, what is -7 + -1339?
-1344
In base 3, what is -2221210 - 112011?
-10110221
In base 10, what is 143 + -112?
31
In base 11, what is 2 - 118964?
-118962
In base 10, what is -275 + 92?
-183
In base 15, what is -ca - -b?
-be
In base 11, what is -67 - 298?
-354
In base 5, what is 110023042 - 0?
110023042
In base 6, what is -12544 + 10?
-12534
In base 14, what is -19c67 + -a?
-19c73
In base 13, what is 76642 + -3?
7663c
In base 13, what is -65 - 22a?
-292
In base 4, what is -13033 + -1300?
-20333
In base 11, what is 2202a3 - 6?
220298
In base 15, what is d5ac + 3?
d5b0
In base 2, what is 11011011010101111010101 + -10?
11011011010101111010011
In base 12, what is -39a25 - -12?
-39a13
In base 7, what is -11000500 + -2?
-11000502
In base 10, what is -660 - 189?
-849
In base 15, what is 4da9 - -3?
4dac
In base 5, what is -10223331 - 10?
-10223341
In base 6, what is 2141 - 34?
2103
In base 13, what is 809 - -391?
b9a
In base 7, what is 63 + 62410?
62503
In base 9, what is 36667 + -1?
36666
In base 6, what is -20411212 + 3?
-20411205
In base 10, what is 4528 + 48?
4576
In base 14, what is 1 + -56052?
-56051
In base 14, what is 49c6 - 2?
49c4
In base 15, what is 1c85d4 - 1?
1c85d3
In base 6, what is -1 + 25345553?
25345552
In base 11, what is 4124 + 78?
41a1
In base 15, what is 5 + -821a1?
-8219b
In base 10, what is -5 + -14511?
-14516
In base 7, what is -25566 - -3?
-25563
In base 12, what is 1b4 - -9?
201
In base 9, what is -2 + -387048?
-387051
In base 4, what is 2100 + 111333?
120033
In base 8, what is -1255 + -20653?
-22130
In base 14, what is -12 - 596?
-5a8
In base 14, what is -30 + -17a1a?
-17a4a
In base 3, what is 220 - 112002202?
-112001212
In base 2, what is 1 - 1011100011101?
-1011100011100
In base 16, what is -5 + -16273?
-16278
In base 16, what is -da - 16f?
-249
In base 15, what is -1 - 5bb6?
-5bb7
In base 16, what is 9 - -631?
63a
In base 9, what is 388714 + -1?
388713
In base 8, what is 104 + -233255?
-233151
In base 8, what is 702 - -1361?
2263
In base 15, what is -35 + 120e?
11c9
In base 9, what is 162573 + -1?
162572
In base 16, what is 1 - -1f438?
1f439
In base 15, what is -5c - -851b?
84ae
In base 9, what is 7411015 + 2?
7411017
In base 16, what is -5e3ae - -5?
-5e3a9
In base 2, what is 11 - 110001110101011?
-110001110101000
In base 14, what is 1bac - b?
1ba1
In base 15, what is -3 + -a0d8c?
-a0d90
In base 16, what is -2 + -7d2a?
-7d2c
In base 9, what is 221 - -63?
284
In base 2, what is 1111101 + -10011001110?
-10001010001
In base 7, what is -11440 - -2?
-11435
In base 12, what is 1783 - -68?
182b
In base 6, what is 1 + 113545?
113550
In base 13, what is -56 - 220c0?
-22146
In base 7, what is -1051 - 5?
-1056
In base 12, what is 6 + 6289?
6293
In base 10, what is 89 - -657?
746
In base 5, what is -20 - -10010241?
10010221
In base 10, what is 29 + -11786?
-11757
In base 6, what is 10 - 145330?
-145320
In base 3, what is -2 + 2212210010?
2212210001
In base 16, what is 5 - -1c0b3?
1c0b8
In base 11, what is -10750 + -5?
-10755
In base 14, what is -619 - -14d?
-4aa
In base 5, what is -14401 - -4143?
-10203
In base 9, what is 4 - -408808?
408813
In base 12, what is 154 + 22?
176
In base 12, what is -157 + -24b?
-3a6
In base 12, what is 7 - a8101?
-a80b6
In base 4, what is -2113020 + -3?
-2113023
In base 6, what is -10031 + 412?
-5215
In base 14, what is -b650 + 18?
-b636
In base 2, what is -111100110 + 101110000?
-1110110
In base 13, what is -3 + 1b15?
1b12
In base 7, what is -240324 - -2?
-240322
In base 16, what is 4a8f - 0?
4a8f
In base 13, what is -4 + 315b?
3157
In base 2, what is -11010001110111111 + -1?
-11010001111000000
In base 8, what is -35213263 - -1?
-35213262
In base 11, what is -11337 + 59?
-11289
In base 11, what is -2 - 4948?
-494a
In base 6, what is 304 + -4150?
-3442
In base 6, what is -2 + 1142434?
1142432
In base 9, what is 5 - 73327?
-73322
In base 12, what is -18 + 2223?
2207
In base 15, what is -e6 - -21b7?
20c1
In base 6, what is -152040 - -25?
-152011
In base 2, what is -111011001110 - 111?
-111011010101
In base 11, what is 5aa11 + -8?
5aa04
In base 10, what is -47553 - 0?
-47553
In base 14, what is a57 + d?
a66
In base 12, what is 165 + 1016?
117b
In base 14, what is 2d1 - d1?
200
In base 15, what is 1c6a5 - 1?
1c6a4
In base 11, what is 8537 - -26?
8562
In base 3, what is 11022 + 222202?
1011001
In base 10, what is -55 - 10?
-65
In base 4, what is 0 - -1201331?
1201331
In base 11, what is 44 + -6461?
-6418
In base 2, what is -11011011000000011 - -1?
-11011011000000010
In base 2, what is -11101110111 + 1?
-11101110110
In base 11, what is 20a55 - -3?
20a58
In base 11, what is -2 + -4723?
-4725
In base 14, what is -4c - 26b?
-2b9
In base 16, what is 85 + 7?
8c
In base 12, what is 14